base 3) to base 12.
-125006b
What is 1dd98 (base 15) in base 8?
276440
-24522416 (base 8) to base 9
-11164566
Convert 467224 (base 14) to base 10.
2401424
-10110001011111010 (base 2) to base 12
-4470a
What is -2875ba (base 13) in base 15?
-1478a1
Convert 11101100100001101010010 (base 2) to base 3.
112120202122220
Convert -3c99 (base 16) to base 9.
-23246
What is 100430222 (base 6) in base 11?
a71303
1301132111 (base 4) to base 12
1a4b85
14304310 (base 5) to base 7
1165003
-109418 (base 11) to base 16
-2a5dd
333017 (base 9) to base 2
110000100101111001
Convert -1023121210 (base 4) to base 15.
-61791
2030032 (base 4) to base 16
230e
Convert 5488 (base 12) to base 15.
2b65
Convert -2121001112220 (base 3) to base 12.
-565bb9
-1525023 (base 6) to base 9
-145346
Convert -80264 (base 13) to base 6.
-4523432
Convert -1202111100000 (base 3) to base 6.
-32011513
-263432 (base 8) to base 7
-532006
What is 336741 (base 8) in base 6?
2240241
Convert -92926 (base 12) to base 10.
-191406
Convert 6a7a91 (base 11) to base 14.
21354b
Convert 180424 (base 11) to base 5.
32404224
Convert 74b36 (base 14) to base 2.
1000100110111101100
-152724 (base 9) to base 15
-1cc51
What is -587ca (base 14) in base 2?
-110100101000011110
123122132 (base 4) to base 2
11011011010011110
1101010100011001010101 (base 2) to base 16
354655
What is a369a7 (base 11) in base 14?
3143c5
What is 31b5a4 (base 13) in base 12?
48382a
Convert -1000111011100111000 (base 2) to base 3.
-112212110102
What is -101002001222 (base 3) in base 14?
-523d3
612672 (base 9) to base 12
155ba8
Convert 13344211 (base 5) to base 2.
100001100011010111
What is 1015143 (base 8) in base 7?
2166651
Convert 271785 (base 16) to base 9.
4734263
Convert -39a77 (base 16) to base 15.
-49e86
What is -dd7bc (base 16) in base 14?
-19887a
What is 25540 (base 11) in base 9?
55161
91317 (base 12) to base 14
4cb3d
Convert -10304351 (base 6) to base 12.
-1280b7
What is -224261 (base 9) in base 14?
-36d69
What is -2242404231 (base 5) in base 16?
-4cf85c
What is -300102223 (base 4) in base 7?
-1452454
2a49256 (base 14) to base 13
436a9cc
332170 (base 11) to base 3
222220221021
-21a416 (base 11) to base 10
-350554
Convert -354c9 (base 15) to base 12.
-82353
Convert 1ba112 (base 13) to base 5.
140120433
What is 4212 (base 12) in base 13?
338c
-16f464 (base 16) to base 9
-2742526
-23002442 (base 6) to base 12
-299422
-130380 (base 9) to base 10
-79047
What is 4224551 (base 9) in base 11?
1304265
2e3098 (base 16) to base 12
101b960
4221212121 (base 5) to base 14
1245118
Convert 4537806 (base 10) to base 11.
261a359
Convert 33135531 (base 6) to base 16.
f25cf
What is -14123514 (base 6) in base 12?
-1b059a
116388 (base 10) to base 7
663216
Convert -300172 (base 9) to base 3.
-100000012102
What is 1101000010110111111 (base 2) in base 6?
13054543
-12141200 (base 5) to base 16
-1c1e7
What is -4612164 (base 7) in base 9?
-1065206
What is -305231222 (base 6) in base 5?
-2323314440
Convert 16241358 (base 9) to base 11.
4644455
What is -31b0 (base 16) in base 7?
-52041
-100002002223 (base 4) to base 8
-20020253
Convert -21849a (base 12) to base 5.
-114023133
-21916 (base 13) to base 2
-1110110110111011
Convert -48568 (base 13) to base 8.
-403217
Convert -1122011112001 (base 3) to base 5.
-210304342
Convert 178306 (base 11) to base 8.
1030173
What is -345284a (base 11) in base 10?
-6035776
Convert -1220011405 (base 6) to base 2.
-110101011001100101111101
What is 22101021200020 (base 3) in base 6?
235244053
306024 (base 8) to base 11
6a1a9
15043414 (base 9) to base 14
dc5cbc
What is -10212222 (base 3) in base 16?
-b12
Convert -25642 (base 7) to base 12.
-3b61
What is -101829 (base 12) in base 6?
-5221253
132312222 (base 4) to base 16
1edaa
-110667 (base 8) to base 2
-1001000110110111
-336504 (base 7) to base 3
-10001012200
Convert -2061746 (base 8) to base 14.
-10455c
Convert 15101420 (base 10) to base 9.
31366225
Convert -2329674 (base 10) to base 13.
-637509
Convert 11100110010111000 (base 2) to base 8.
346270
Convert -20201112001 (base 3) to base 4.
-200103220
Convert 49b835 (base 15) to base 10.
3532100
Convert 209452 (base 12) to base 13.
14cb73
Convert -37236 (base 12) to base 5.
-4342014
-540100104 (base 6) to base 14
-139d62c
What is 2029b (base 12) in base 3?
2010110002
79b7bb (base 15) to base 16
58a7ce
Convert 801098 (base 12) to base 9.
3666168
What is 72156 (base 10) in base 15?
165a6
-2202022022 (base 3) to base 4
-31032122
-3925567 (base 10) to base 9
-7342771
Convert 21301 (base 6) to base 4.
231211
What is 433100 (base 6) in base 3?
1210221100
What is 32205401 (base 6) in base 8?
3477211
Convert -27167 (base 16) to base 3.
-22010121202
What is 891b (base 14) in base 15?
707b
18cd762 (base 14) to base 7
206543152
What is 2376139 (base 11) in base 15?
56ab41
What is -16611442 (base 7) in base 12?
-669201
What is 10011212020010 (base 3) in base 10?
1689987
Convert -24011143 (base 5) to base 15.
-450b8
Convert -14b232 (base 13) to base 15.
-a1208
What is -5336c (base 16) in base 13?
-bc1aa
Convert -110111111110010111010 (base 2) to base 4.
-12333302322
What is -1022033443 (base 5) in base 15?
-2c4e68
Convert 12b31 (base 13) to base 11.
24206
What is 416737 (base 8) in base 6?
2550115
Convert 1b16f5 (base 16) to base 8.
6613365
761184 (base 10) to base 5
143324214
What is 538ee4 (base 15) in base 3?
21111011022121
3057132 (base 9) to base 6
54553045
653352 (base 8) to base 9
363185
What is -1c55c2 (base 15) in base 3?
-2121100221102
What is -35032412 (base 7) in base 9?
-5684072
22211201002200 (base 3) to base 16
47b16d
What is 14213522 (base 8) in base 9?
6043184
330404524 (base 6) to base 5
3003121240
-9a9028 (base 11) to base 4
-12020203012
Convert -ba691 (base 14) to base 13.
-12a56b
Convert 11310537 (base 8) to base 9.
4562257
What is 3428a (base 12) in base 11?
48255
What is -101121220210011 (base 3) in base 11?
-3207a85
Convert 110022221020 (base 3) to base 15.
4bda9
-141a98 (base 13) to base 16
-7784d
Convert 120220011112 (base 3) to base 13.
ac535
-10220120001 (base 3) to base 10
-76951
Convert 24286 (base 10) to base 9.
36274
Convert 327813 (base 10) to base 7.
2533503
Convert 45405443 (base 8) to base 5.
10004131001
-2120001011012 (base 3) to base 11
-849017
-2013021211 (base 4) to base 16
-87265
What is 100421515 (base 6) in base 12?
6a789b
Convert -244044210 (base 5) to base 6.
-40503053
Convert -2752221 (base 9) to base 8.
-5606415
Convert 95b9 (base 16) to base 6.
453241
Convert -1003002320 (base 4) to base 12.
-112b08
What is -1355000 (base 6) in base 14?
-2038c
What is 1053506 (base 13) in base 16?
4bf1a0
-1d9e9 (base 16) to base 13
-432b5
Convert -10122220022111 (base 3) to base 10.
-1946659
1010101011000101 (base 2) to base 12
21371
Convert -130012143 (base 5) to base 15.
-c56d3
What is -59b5 (base 16) in base 3?
-1011111120
What is 161614 (base 15) in base 12?
435b91
Convert 53380 (base 14) to base 2.
110001000100110100
Convert -443434013 (base 5) to base 11.
-110312a
1520451 (base 6) to base 13
31267
What is -773736 (base 10) in base 11?
-489357
Convert -563501 (base 8) to base 15.
-3b59d
What is 41520220 (base 7) in base 9?
6525134
What is -21272 (base 13) in base 4?
-32211212
Convert 510451252 (base 6) to base 7.
134040563
What is -164407 (base 8) in base 2?
-1110100100000111
110030322 (base 4) to base 11
57194
What is -1abe5 (base 15) in base 5?
-10241230
Convert -a1976 (base 14) to base 2.
-1011110111010100100
What is -142563 (base 12) in base 11?
-20a50a
Convert 413114 (base 6) to base 2.
1000000101000110
What is -52131161 (base 7) in base 9?
-8211662
-1011101111001101111 (base 2) to base 16
-5de6f
115664 (base 9) to base 12
34487
536060 (base 7) to base 9
152028
-55300733 (base 8) to base 13
-260641c
Convert 11202201 (base 5) to base 13.
36866
What is -10012222221212 (base 3) in base 11?
-a6a5a9
What is 63590 (base 11) in base 7?
533543
Convert 1202311330 (base 4) to base 16.
62d7c
What is 2201001102 (base 3) in base 5?
3201010
What is 100001000110110111101 (base 2) in base 11?
681088
16037540 (base 8) to base 2
1110000011111101100000
-2218d (base 15) to base 11
-74458
Convert 21256 (base 7) to base 11.
3a74
What is -4a3ba (base 12) in base 8?
-304676
What is -1100010001100010 (base 2) in base 8?
-1421